e 0 = -5*r - 3*x + 1164, 5*r - 381 - p = 4*x. Calculate the highest common factor of 21 and r.
21
Let k = 349 + -193. Calculate the greatest common factor of k and 24.
12
Let n(f) = -f**3 + 6*f**2 - 13*f + 101. Let q be n(6). Let r be 4/(-14) - (-324)/7. Calculate the highest common factor of r and q.
23
Let q = 70 - 68. Suppose 3*j + q*j - 90 = 0. Let w be 0 + 1/1 + 89. What is the greatest common factor of j and w?
18
Let y(k) = k - 1. Let v(n) = n + 8. Let i(b) = -v(b) - 6*y(b). Let a be i(-8). Calculate the greatest common divisor of a and 9.
9
Suppose -5*k + 44 = -2*t, -3*k + 0*t = t - 33. What is the greatest common factor of k and 570?
10
Let b be 10*(1 - 13/(-2)). Calculate the greatest common divisor of b and 125.
25
Let t(z) = -2*z**3 + 3*z**2 - 5. Let o be t(-2). What is the highest common divisor of o and 1?
1
Suppose 210 = 61*l - 51*l. Suppose 4*t = -5*w + 86, -2*t = 3*w - 36 - 14. What is the greatest common factor of w and l?
7
Suppose 19*v - 320 = 11*v. Calculate the greatest common factor of v and 180.
20
Let s(l) = 12*l + 112. Let j be s(-7). Calculate the highest common factor of 112 and j.
28
Let u = 2270 - 1943. What is the highest common factor of u and 3?
3
Let z be (57/(-2))/(5/(-10)). Calculate the greatest common factor of z and 95.
19
Suppose 2*p + 4 + 8 = -3*f, 2*f + 8 = 0. Suppose 2*g + 22 - 10 = p. Let w = g - -26. Calculate the greatest common divisor of 5 and w.
5
Suppose 10*i - 72*i = -13392. What is the greatest common factor of i and 189?
27
Let c(d) = -18*d - 170. Let n be c(-13). What is the greatest common factor of 4 and n?
4
Let i be (-52)/(-10)*(-80)/(-32). Suppose -z = -2*z + i. Suppose 0*k + 3*k = 3*n + 54, -28 = -k + 3*n. Calculate the greatest common divisor of k and z.
13
Let k = 8 - 46. Let u = k + -18. Let m be ((-26)/7)/(8/u). Calculate the greatest common factor of m and 65.
13
Suppose -5945 = 14*w - 24663. What is the greatest common factor of w and 14?
7
Let c be 14 - 16*(-7)/14. What is the greatest common factor of 594 and c?
22
Let p(m) = -2*m**3 - 17*m**2 - 32*m - 3. Let u be p(-6). What is the highest common divisor of u and 477?
9
Let j(f) = -5*f**2 - 5*f - 2. Let d be j(-2). Let n = d - -10. Let u be 2 - n/4*106. What is the highest common divisor of 5 and u?
5
Let d = 341 - 305. Calculate the greatest common divisor of d and 45.
9
Suppose -4*k + d + 268 = 0, 5*k = -52*d + 48*d + 314. Calculate the greatest common factor of k and 154.
22
Let x = -3397 + 3507. Let o be -1*4/(-2) - -8. Calculate the greatest common factor of x and o.
10
Suppose 915 = -11*v + 16*v. Suppose v = 3*t + 5*g, 3*g = t - 3*t + 123. What is the greatest common factor of 6 and t?
6
Let v be ((-9)/(-27))/(-1 + 190/189). What is the highest common factor of 35 and v?
7
Let v(r) = -3*r**3 - 6*r**2 + 56*r + 313. Let n be v(-7). Calculate the highest common factor of n and 16.
16
Let o = 5561 - 3321. What is the highest common factor of o and 35?
35
Suppose -3*f + 620 = -172. What is the highest common factor of f and 33?
33
Let j = 6 - -3. Let g(t) = t - 4. Let f be g(j). Suppose -808 = -f*m + 112. What is the highest common divisor of m and 23?
23
Let z = 619 - 598. What is the highest common factor of 112 and z?
7
Let y(q) = q**3 - q**2 - 11*q + 14. Let c be y(6). Suppose 27 + c = d. What is the highest common divisor of 62 and d?
31
Let d(g) be the third derivative of 7*g**4/12 - 17*g**3/6 + 17*g**2. Let b be d(4). Calculate the greatest common factor of b and 351.
39
Let u = 81 + -49. Let p(q) = q**2 - 4*q + 16. Let f be p(12). What is the greatest common divisor of f and u?
16
Suppose 6*g - 1670 = 4*g - 4*k, 3*g - 2505 = -2*k. Calculate the greatest common factor of 5 and g.
5
Suppose 0 = 290*i - 285*i - 100. What is the greatest common factor of i and 500?
20
Suppose -s - 60 = -6*s. Suppose 2*n + s = 84. Calculate the greatest common divisor of n and 9.
9
Let z = -3 - -11. Let r(d) be the third derivative of 14*d**5/15 - 6*d**2. Let m be r(1). Calculate the highest common factor of z and m.
8
Suppose -3*c - 2*w + 3*w = -1924, 4*w = -2*c + 1264. What is the highest common factor of c and 8?
8
Let h(p) = p**2 + 6*p + 14. Let g be h(-6). Let r = g + 26. What is the highest common divisor of r and 16?
8
Let m(l) = 6*l - 2. Let q be m(12). Suppose p + 105 = 5*h - 197, 0 = h - 5*p - q. Suppose -h = -5*x + 3*x. Calculate the greatest common factor of 12 and x.
6
Suppose 48*o - 45*o = 162. Calculate the highest common factor of o and 1242.
54
Let v(m) = 6*m**2 - 6*m - 9. Let a be v(-3). Let x = a - 56. Calculate the greatest common divisor of 56 and x.
7
Let l(j) = 3*j**2 - 42*j - 2. Let g be l(14). Let u be 90 - (g/8)/((-3)/24). What is the highest common factor of 220 and u?
44
Let v = 368 - 348. What is the greatest common divisor of 1840 and v?
20
Let v = -8 + 16. Suppose -4*t - 5*c - v = 0, t + 3*c = 6*t - 27. What is the highest common factor of 21 and t?
3
Let m(g) = g**2 - 2*g - 3. Let w be m(-2). Suppose w*s + 49 = 179. Calculate the highest common divisor of 13 and s.
13
Let r = -33 - -249. Suppose -16*z + 576 = -10*z. Suppose 8*k - z = 4*k. Calculate the greatest common factor of r and k.
24
Let n(f) = 56 - 20 + 7*f**3 - 13*f + 3*f**2 + 14*f**2 - 8*f**3. Let i be n(16). What is the highest common divisor of 12 and i?
12
Suppose b - 488 = -4*v, -5*v = -14*b + 19*b - 2470. Calculate the highest common divisor of 16 and b.
16
Let u be (-2)/(-4) + 979/2. Suppose u = -0*k + 5*k. Let n be (13 - 1200/32)/((-14)/8). What is the greatest common divisor of k and n?
14
Suppose -108 = 5*h - 98. Let p be 1 - -7 - (-8)/h. Let f = 0 + 1. Calculate the greatest common divisor of p and f.
1
Suppose -14*r - 2*r + 11328 = 0. Calculate the greatest common factor of 177 and r.
177
Let c = 376 + -292. Calculate the greatest common factor of c and 126.
42
Let z be (-4)/14 + (-44)/(-7). Suppose 0 = -8*v + 6*v + 72. Let f = -21 + v. What is the highest common factor of f and z?
3
Let w = -38 - -110. Let n = w - 48. What is the greatest common factor of 12 and n?
12
Let v = 279 - 253. What is the highest common divisor of v and 2?
2
Let f(j) = -5*j + 10 + 8*j - j - 1. Let p be f(13). Calculate the highest common divisor of p and 70.
35
Suppose 4*z + 2*n - 16 = 34, -z + 4*n + 8 = 0. Suppose -k = -4*k + z. Let o = -1 + k. What is the highest common factor of o and 1?
1
Suppose -9*u + 3*w - 114 = -12*u, 3*u - 149 = 4*w. Calculate the highest common factor of u and 1.
1
Let a = 19125 + -19115. Suppose -15 = -o - 2*o. Calculate the greatest common divisor of o and a.
5
Let f(s) = 2*s + 10. Let a(o) = o**3 - 8*o**2 - 8*o - 12. Let x be a(9). Let g be f(x). Calculate the highest common factor of g and 1.
1
Suppose 25*n - 11*n = 714. Calculate the greatest common factor of 561 and n.
51
Suppose -4*w + 4*r + 128 = 0, -2*w - 2*r + 18 = -30. Let h(j) = -94*j + 571. Let s be h(6). Calculate the greatest common factor of s and w.
7
Let q(c) = -1 - 16*c - 13*c - 16*c + 19*c. Let b be q(-4). Let t = b + -49. Calculate the greatest common factor of 6 and t.
6
Let c(w) = 8*w**3 + w + 1. Let f be c(2). Calculate the greatest common factor of 1 and f.
1
Suppose -b - 1 = 3*d - 3*b, 2*d = -4*b - 22. Let f be 1/d*-6 + 53. Let i be (10/(-4))/((-4)/8). Calculate the greatest common factor of f and i.
5
Suppose -z = -0*z. Let k(b) = b + 42. Let u be k(z). Let r(j) = -j + 13. Let p be r(7). What is the highest common divisor of u and p?
6
Let r = -8 + 15. Let q be r/((-35)/(-15))*(-8)/(-2). What is the greatest common divisor of q and 12?
12
Let v be -17*(-3 - 0) + -1 + -1. Let p = v - 45. Calculate the highest common factor of 32 and p.
4
Suppose z + 4*z + 3*c - 11 = 0, 0 = -3*z - 5*c + 13. Suppose 2*n = d, d + 149 = 5*n + 146. Calculate the highest common divisor of n and z.
1
Let s(g) = -g**3 + 4*g**2 + 6*g - 3. Let l be s(4). Suppose -l = f - 4*f. What is the greatest common divisor of f and 35?
7
Let r be 2/8 + 30/8. Suppose -x + r = x. Suppose 216 = 348*l - 336*l. What is the greatest common divisor of x and l?
2
Let p = -609 - -633. Calculate the greatest common factor of 88 and p.
8
Suppose 5*q + x - 37 = 0, -6 + 30 = 2*q + 5*x. Suppose -5*p + q = u - 4, 3*u - p - 113 = 0. What is the highest common divisor of 9 and u?
9
Let q(r) = 9*r**2 + 26*r +